{"id":54,"date":"2018-04-17T15:25:51","date_gmt":"2018-04-17T13:25:51","guid":{"rendered":"http:\/\/htk-handel.de\/?page_id=54"},"modified":"2018-04-17T15:31:43","modified_gmt":"2018-04-17T13:31:43","slug":"calcides","status":"publish","type":"page","link":"https:\/\/htk-handel.de\/index.php\/calcides\/","title":{"rendered":"CalciDes"},"content":{"rendered":"<h6>Stallhygiene durch CalciDes<\/h6>\n<p>NEU! Jetzt auch mit FIBL-Eintragung f\u00fcr den BIO &#8211; Bereich <a href=\"http:\/\/htk-handel.de\/wp-content\/uploads\/2018\/04\/Konformitaetserklaerung-CalciDes.pdf\">Konformitaetserklaerung CalciDes<\/a><\/p>\n<p>FELS CalciDes ist ein ma\u00dfgeschneidertes Produkt f\u00fcr den Bereich der Stallhygiene, das sowohl auf die Hygieneanforderungen als auch auf die Tiervertr\u00e4glichkeit abgestimmt ist. FELS CalciDes ist ein alkalisches Einstreumittel bestehend aus Calciumhydroxid Ca(OH)2 und Calciumcarbonat CaCO3.<\/p>\n<p>Anwendungen:<br \/>\n\u2022 Hygienisierung des Lauf- und Liegebereichs von Rindern<br \/>\n\u2022 Verbesserung der Hygiene im Stall<br \/>\n\u2022 Trocknung von Lauf- und Liegefl\u00e4chen in St\u00e4llen<br \/>\n\u2022 Erh\u00f6hung der Trittsicherheit und Standfestigkeit<br \/>\nEinsatzm\u00f6glichkeiten von CalciDes im Rinderbereich<br \/>\nCalciDes wurde als Einstreukalk f\u00fcr Rinderst\u00e4lle entwickelt und hat sich mittlerweile als Desinfektionskalk in allen Tierbereichen bew\u00e4hrt.<br \/>\nCalciDes wird sowohl im Bereich der Liegefl\u00e4chen aber auch auf den Laufwegen und Betonfl\u00e4chen und sogar als trockenes Fu\u00dfbad eingesetzt.<br \/>\nCalciDes verbessert die Stallhygiene, trocknet die Lauf- und Liegefl\u00e4chen und erh\u00f6ht die Trittsicherheit.<br \/>\nCalciDes erh\u00f6ht den pH \u2013 Wert weit \u00fcber 10 und t\u00f6tet pathogene Keime, Hautparasiten, Fliegen und anderes Ungeziefer auf nat\u00fcrliche Weise ab. Es konnten auch gute Erfahrungen bei der Unterdr\u00fcckung von Mortellaro gemacht werden.<br \/>\nEs hat eine gute Hautvertr\u00e4glichkeit, siehe DLG \u2013 Test, und verbessert die Klauen und Fu\u00dfgesundheit. Obwohl es alkalisch ist, reizt es die Atemwege nicht, weder bei der sachgerechten Ausbringung, noch in der Einstreu.<br \/>\n2 bis 3 mal w\u00f6chentlich 50 bis 100 gr. \/m\u00b2 reichen um eine gute Wirkung zu erzielen, bei feuchterem Milieu erh\u00f6ht sich der Bedarf.<br \/>\nNach dem misten und reinigen eines Tiefstalls bietet sich die Ausbringung von CalciDes zur langfristigen Desinfektion an. Es verbleibt auf der Fl\u00e4che und wirkt auch unter der Einstreu weiter. Regelm\u00e4\u00dfige Anwendung im Bereich feuchter Stellen erh\u00f6ht die Hygiene und verringert den Strohbedarf.<\/p>\n<h6>Wirksame Reaktion auf nat\u00fcrliche Weise:<\/h6>\n<p>\u2022 Der Bestandteil Calciumdihydroxid bewirkt eine pH-Anhebung auf &gt; 10. Im alkalischen Milieu erfolgt eine Reduzierung der pathogenen Keime sowie Hautparasiten, Fliegen und anderer Ungeziefer. Dadurch verbessert bzw. stabilisiert sich die Euter- und Klauengesundheit.<br \/>\n\u2022 Bindet Feuchtigkeit durch die sehr hohe Feinheit des Produktes und den saugf\u00e4higen Bestandteil Calciumcarbonat.<br \/>\n\u2022 Die Wirksamkeit wird im DLG Pr\u00fcfbericht best\u00e4tigt<\/p>\n<h6>Weitere Vorteile:<\/h6>\n<p>\u2022 Sparsamer Materialeinsatz durch Feinheit des Produktes<br \/>\n\u2022 Gute Tier- und Eutervertr\u00e4glichkeit<br \/>\n\u2022 Verbesserte Klauen- und Fu\u00dfgesundheit<br \/>\n\u2022 Reduzierte Sch\u00e4dlingspopulationen<\/p>\n<p>FELS CalciDes ist geeignet f\u00fcr Rinder, Schweine, Pferde, Schafe, Ziegen und Gefl\u00fcgel. Als Stalleinstreu in Hochboxen, auf Lauf- und Liegefl\u00e4chen und auch als Klauenbad anwendbar.<\/p>\n<h6>Einsatzm\u00f6glichkeiten von CalciDes im Gefl\u00fcgelbereich:<\/h6>\n<p>CalciDes wurde als Einstreukalk f\u00fcr Rinderst\u00e4lle entwickelt und hat sich mittlerweile als Desinfektionskalk in allen Tierbereichen bew\u00e4hrt.<br \/>\nBesonders im Gefl\u00fcgelbereich empfiehlt es sich zur Bek\u00e4mpfung feuchter Stellen in der Einstreu, egal ob hervorgerufen durch schlechte L\u00fcftung oder versch\u00fcttetes Wasser im Tr\u00e4nkebereich. Je nach Bedarf einstreuen, die starke Saugkraft trocknet den Bereich und t\u00f6tet aufgrund des pH \u2013 Wertes von \u00fcber 12, die meisten Keime und Milben, auch die rote Vogelmilbe, ab.<br \/>\nIn mit Milben befallenen Nestern ordentlich einpudern und die Milben gehen innerhalb k\u00fcrzester Zeit dauerhaft ein. Die Hautvertr\u00e4glichkeit ist durch die DLG nachgewiesen. Deshalb eignet sich CalciDes eben auch f\u00fcr Legenester um den Krankheitsdruck an der Kloake bei und nach dem Legen auf nat\u00fcrliche Weise zu minimieren.<br \/>\nKotgruben von Elterntierst\u00e4llen sind kein Problem mehr. Kontinuierlich angewendet trocknet es die Grube aus, reduziert die Geruchsbildung und bek\u00e4mpft Milben und Larven, wodurch auch die Fliegenpopulation zur\u00fcckgedr\u00e4ngt wird.<br \/>\nIn der Einstreu trocknet CalciDes den Kotbereich und kommt beim Scharren auch unter die Federn und bek\u00e4mpft auch dort die Milben.<\/p>\n<p><a href=\"http:\/\/htk-handel.de\/wp-content\/uploads\/2018\/04\/Konformitaetserklaerung-CalciDes.pdf\">Konformitaetserklaerung CalciDes<\/a><br \/>\n<a href=\"http:\/\/htk-handel.de\/wp-content\/uploads\/2018\/04\/DLG-Test-CalciDes.pdf\">DLG Test CalciDes<\/a><br \/>\n<a href=\"http:\/\/htk-handel.de\/wp-content\/uploads\/2018\/04\/14-817-Hautvertr\u00e4glichkeit-Fels-Calcides-Ergebnisse.pdf\">14-817 Hautvertr\u00e4glichkeit Fels Calcides Ergebnisse<\/a><\/p>\n<h6>Einsatzm\u00f6glichkeiten von CalciDes im Rinderbereich<\/h6>\n<p>CalciDes wurde als Einstreukalk f\u00fcr Rinderst\u00e4lle entwickelt und hat sich mittlerweile als Desinfektionskalk in allen Tierbereichen bew\u00e4hrt.<br \/>\nCalciDes wird sowohl im Bereich der Liegefl\u00e4chen aber auch auf den Laufwegen und Betonfl\u00e4chen und sogar als trockenes Fu\u00dfbad eingesetzt.<br \/>\nCalciDes verbessert die Stallhygiene, trocknet die Lauf- und Liegefl\u00e4chen und erh\u00f6ht die Trittsicherheit.<br \/>\nCalciDes erh\u00f6ht den pH \u2013 Wert weit \u00fcber 10 und t\u00f6tet pathogene Keime, Hautparasiten, Fliegen und anderes Ungeziefer auf nat\u00fcrliche Weise ab. Es konnten auch gute Erfahrungen bei der Unterdr\u00fcckung von Mortellaro gemacht werden.<br \/>\nEs hat eine gute Hautvertr\u00e4glichkeit, siehe DLG \u2013 Test, und verbessert die Klauen und Fu\u00dfgesundheit. Obwohl es alkalisch ist, reizt es die Atemwege nicht, weder bei der sachgerechten Ausbringung, noch in der Einstreu.<br \/>\n2 bis 3 mal w\u00f6chentlich 50 bis 100 gr. \/m\u00b2 reichen um eine gute Wirkung zu erzielen, bei feuchterem Milieu erh\u00f6ht sich der Bedarf.<br \/>\nNach dem misten und reinigen eines Tiefstalls bietet sich die Ausbringung von CalciDes zur langfristigen Desinfektion an. Es verbleibt auf der Fl\u00e4che und wirkt auch unter der Einstreu weiter. Regelm\u00e4\u00dfige Anwendung im Bereich feuchter Stellen erh\u00f6ht die Hygiene und verringert den Strohbedarf.<\/p>\n<p><a href=\"http:\/\/htk-handel.de\/wp-content\/uploads\/2018\/04\/kalkstrohmatratze_LUF_33_13_104.pdf\">kalkstrohmatratze_LUF_33_13_104<\/a><\/p>\n","protected":false},"excerpt":{"rendered":"<p>Stallhygiene durch CalciDes NEU! Jetzt auch mit FIBL-Eintragung f\u00fcr den BIO &#8211; Bereich Konformitaetserklaerung CalciDes FELS CalciDes ist ein ma\u00dfgeschneidertes Produkt f\u00fcr den Bereich der Stallhygiene, das sowohl auf die Hygieneanforderungen als auch auf die Tiervertr\u00e4glichkeit abgestimmt ist. FELS CalciDes ist ein alkalisches Einstreumittel bestehend aus Calciumhydroxid Ca(OH)2 und Calciumcarbonat CaCO3. Anwendungen: \u2022 Hygienisierung des &hellip; <\/p>\n<p class=\"link-more\"><a href=\"https:\/\/htk-handel.de\/index.php\/calcides\/\" class=\"more-link\"><span class=\"screen-reader-text\">\u201eCalciDes\u201c<\/span> weiterlesen<\/a><\/p>\n","protected":false},"author":1,"featured_media":0,"parent":0,"menu_order":0,"comment_status":"closed","ping_status":"closed","template":"","meta":{"footnotes":""},"_links":{"self":[{"href":"https:\/\/htk-handel.de\/index.php\/wp-json\/wp\/v2\/pages\/54"}],"collection":[{"href":"https:\/\/htk-handel.de\/index.php\/wp-json\/wp\/v2\/pages"}],"about":[{"href":"https:\/\/htk-handel.de\/index.php\/wp-json\/wp\/v2\/types\/page"}],"author":[{"embeddable":true,"href":"https:\/\/htk-handel.de\/index.php\/wp-json\/wp\/v2\/users\/1"}],"replies":[{"embeddable":true,"href":"https:\/\/htk-handel.de\/index.php\/wp-json\/wp\/v2\/comments?post=54"}],"version-history":[{"count":3,"href":"https:\/\/htk-handel.de\/index.php\/wp-json\/wp\/v2\/pages\/54\/revisions"}],"predecessor-version":[{"id":67,"href":"https:\/\/htk-handel.de\/index.php\/wp-json\/wp\/v2\/pages\/54\/revisions\/67"}],"wp:attachment":[{"href":"https:\/\/htk-handel.de\/index.php\/wp-json\/wp\/v2\/media?parent=54"}],"curies":[{"name":"wp","href":"https:\/\/api.w.org\/{rel}","templated":true}]}}